{"id":31,"date":"2018-07-08T03:16:09","date_gmt":"2018-07-08T03:16:09","guid":{"rendered":"http:\/\/tf.themedraft.com\/wp\/xzopro\/?page_id=31"},"modified":"2024-09-22T21:27:43","modified_gmt":"2024-09-23T01:27:43","slug":"quienes-somos","status":"publish","type":"page","link":"https:\/\/scadatech.cl\/home\/quienes-somos\/","title":{"rendered":"Qui\u00e9nes Somos"},"content":{"rendered":"<div class=\"wpb-content-wrapper\"><p>[vc_row full_width=&#8221;stretch_row&#8221; css=&#8221;.vc_custom_1722431574655{padding-top: 120px !important;padding-bottom: 65px !important;background-color: #ffffff !important;}&#8221;][vc_column width=&#8221;1\/2&#8243;]\n        <div class=\"twb-wrapper vc_custom_1727054840941\"><h4 style=\"color: #2b2b2b\">Desde 2010<\/h4>\n            <h1 style=\"color: #0a6db7\">SCADATECH<\/h1>\n            <div class=\"twb-content-text\" style=\"color: #505050\">\n                <\/p>\n<ul class=\"title-shape no-list-style text-center\">\n<li style=\"background: #0a6db7\"><\/li>\n<li style=\"background: #0a6db7\"><\/li>\n<li style=\"background: #0a6db7\"><\/li>\n<\/ul>\n<p>Fundada en el a\u00f1o 2010, como una empresa dedicada al desarrollo de ingenier\u00eda y servicios para la automatizaci\u00f3n de sistemas el\u00e9ctricos de potencia. Desde el inicio ha mantenido alianzas estrat\u00e9gicas con importantes fabricantes de tecnolog\u00eda y empresas relacionadas, posicion\u00e1ndose como una empresa referente en el mercado nacional<\/p>\n<p><b><span style=\"color: #1f6cbb\">MISI\u00d3N<\/span><br \/>\n<\/b>Ofrecer soluciones innovadoras, \u00f3ptimas e integrales en automatizaci\u00f3n de sistemas para el sector el\u00e9ctrico, destacando eficiencia, simplicidad y la constante innovaci\u00f3n<\/p>\n<p><b><span style=\"color: #1f6cbb\">VISI\u00d3N<\/span><br \/>\n<\/b>Ser l\u00edderes en el mercado con soluciones de automatizaci\u00f3n e innovaci\u00f3n para sistemas el\u00e9ctricos de potencia, destac\u00e1ndonos por la excelencia y confiabilidad en nuestros servicios\n            <\/div>\n            \n            <div class=\"twb-btn\">\n                 <a href=\"\" class=\"xzopro-btn fill-btn\"><\/a>\n            <\/div>\n           \n        <\/div>\n    [\/vc_column][vc_column width=&#8221;1\/2&#8243;][vc_single_image image=&#8221;2664&#8243; img_size=&#8221;full&#8221; css=&#8221;&#8221;][\/vc_column][\/vc_row][vc_row full_width=&#8221;stretch_row&#8221; css=&#8221;.vc_custom_1722436766417{padding-top: 92px !important;padding-bottom: 63px !important;background-color: #f7f7f7 !important;}&#8221;][vc_column width=&#8221;1\/2&#8243;][vc_single_image image=&#8221;2676&#8243; img_size=&#8221;full&#8221; css=&#8221;&#8221;][\/vc_column][vc_column width=&#8221;1\/2&#8243; css=&#8221;.vc_custom_1722436865376{padding-left: 10% !important;}&#8221;][vc_empty_space]\n        <div class=\"twt-wrap \">\n            <h1 style=\"color:#1f6cbb;font-size: 36px\">Pol\u00edtica de calidad<\/h1>\n            <\/p>\n<ul class=\"title-shape no-list-style text-center\">\n<li style=\"background: #0a6db7\"><\/li>\n<li style=\"background: #0a6db7\"><\/li>\n<li style=\"background: #0a6db7\"><\/li>\n<\/ul>\n<p>Nuestro prop\u00f3sito en SCADATECH Ltda., orientada principalmente a Servicios de Comercializaci\u00f3n, Ingenier\u00eda, Desarrollo y Automatizaci\u00f3n de sistemas el\u00e9ctricos de potencia, es la creaci\u00f3n de valor para:\n        <\/div>\n    [vc_empty_space height=&#8221;20px&#8221;]\n    <div class=\"unordered-list-wrap \">\n         \n        <h4><\/h4>\n                \n            <div class=\"twial-list short-list no-list-style unordered-list-556 list-icon-type-imageicon\">\n                <ul><li><i class=\"\"><\/i>Nuestros clientes dando cumplimiento a sus requisitos.<\/li><li><i class=\"\"><\/i>Cumplir las necesidades y expectativas de las partes interesadas pertinentes.<\/li><li><i class=\"\"><\/i>Respetar los requisitos aplicables.<\/li>\n                <\/ul>\n            <\/div>  \n            \n                <style>\n                     .unordered-list-556.list-icon-type-imageicon li:before {\n                         background-image: url(https:\/\/scadatech.cl\/home\/wp-content\/uploads\/2018\/07\/lict-icon.png);\n                     }   \n                <\/style>\n            \n    <\/div>\n    [\/vc_column][\/vc_row][vc_row css=&#8221;.vc_custom_1529464930805{padding-top: 92px !important;}&#8221;][vc_column]\n        <div class=\"section-title-wrapper \" style=\"color: #505050\">\n            <div class=\"row text-center\">\n                <div class=\"col-xl-6 offset-xl-3 col-lg-8 offset-lg-2 col-md-10 offset-md-1\">  \n                    <h2 class=\"section-title\" style=\"color:#0a6db7\">Compromiso<\/h2>\n                    <ul class=\"title-shape no-list-style text-center\">\n                        <li style=\"background: #0a6db7\"><\/li>\n                        <li style=\"background: #0a6db7\"><\/li>\n                        <li style=\"background: #0a6db7\"><\/li>\n                    <\/ul>\n                    <p>SCADATECH Ltda. se compromete a aportar todos los recursos necesarios para garantizar los principios a continuaci\u00f3n.<\/p>\n\n                <\/div>\n            <\/div>   \n        <\/div>\n    [vc_row_inner css=&#8221;.vc_custom_1722447134747{margin-top: 80px !important;padding-bottom: 53px !important;}&#8221;][vc_column_inner width=&#8221;1\/2&#8243; css=&#8221;.vc_custom_1723133944216{padding-right: 10% !important;padding-left: 10% !important;}&#8221;][vc_column_text css=&#8221;&#8221;]<\/p>\n<h4><span style=\"color: #1f6cbb;\">Soluciones globales<\/span><\/h4>\n<p>Proveer soluciones globales o personalizadas para nuestros Clientes, suministrando productos, servicios y\/o asesor\u00edas que cumplan sus necesidades y expectativas sean \u00e9stas presentes o futuras.[\/vc_column_text][vc_column_text css=&#8221;&#8221;]<\/p>\n<h4><span style=\"color: #1f6cbb;\">Equipo de trabajo<\/span><\/h4>\n<p>Formar un equipo de trabajo profesional multifuncional capacitado para enfrentar todas las exigencias tecnol\u00f3gicas del mercado.[\/vc_column_text][vc_column_text css=&#8221;&#8221;]<\/p>\n<h4><span style=\"color: #1f6cbb;\">Sostenibilidad<\/span><\/h4>\n<p>Fomentar la sostenibilidad y el crecimiento de la empresa.[\/vc_column_text][vc_column_text css=&#8221;&#8221;]<\/p>\n<h4><span style=\"color: #1f6cbb;\">Gesti\u00f3n de la calidad<\/span><\/h4>\n<p>Promover el compromiso de cada uno de los integrantes del equipo de SCADATECH Ltda., con el proceso de la Mejora Continua del Sistema de Gesti\u00f3n de la Calidad.[\/vc_column_text][\/vc_column_inner][vc_column_inner width=&#8221;1\/2&#8243;][vc_single_image image=&#8221;2509&#8243; img_size=&#8221;full&#8221; alignment=&#8221;center&#8221; css=&#8221;&#8221;][\/vc_column_inner][\/vc_row_inner][\/vc_column][\/vc_row]<\/p>\n<\/div>","protected":false},"excerpt":{"rendered":"<p>[vc_row full_width=&#8221;stretch_row&#8221; css=&#8221;.vc_custom_1722431574655{padding-top: 120px !important;padding-bottom: 65px !important;background-color: #ffffff !important;}&#8221;][vc_column width=&#8221;1\/2&#8243;][\/vc_column][vc_column width=&#8221;1\/2&#8243;][vc_single_image image=&#8221;2664&#8243; img_size=&#8221;full&#8221; css=&#8221;&#8221;][\/vc_column][\/vc_row][vc_row full_width=&#8221;stretch_row&#8221; css=&#8221;.vc_custom_1722436766417{padding-top: 92px !important;padding-bottom: 63px !important;background-color: #f7f7f7 !important;}&#8221;][vc_column width=&#8221;1\/2&#8243;][vc_single_image image=&#8221;2676&#8243; img_size=&#8221;full&#8221; css=&#8221;&#8221;][\/vc_column][vc_column width=&#8221;1\/2&#8243; css=&#8221;.vc_custom_1722436865376{padding-left: 10% !important;}&#8221;][vc_empty_space][vc_empty_space height=&#8221;20px&#8221;][\/vc_column][\/vc_row][vc_row css=&#8221;.vc_custom_1529464930805{padding-top: 92px !important;}&#8221;][vc_column][vc_row_inner css=&#8221;.vc_custom_1722447134747{margin-top: 80px !important;padding-bottom: 53px !important;}&#8221;][vc_column_inner width=&#8221;1\/2&#8243; css=&#8221;.vc_custom_1723133944216{padding-right: 10% !important;padding-left: 10% !important;}&#8221;][vc_column_text css=&#8221;&#8221;] Soluciones globales Proveer soluciones globales o personalizadas para nuestros [&hellip;]<\/p>\n","protected":false},"author":1,"featured_media":2627,"parent":0,"menu_order":0,"comment_status":"closed","ping_status":"closed","template":"","meta":{"footnotes":""},"class_list":["post-31","page","type-page","status-publish","has-post-thumbnail","hentry"],"yoast_head":"<!-- This site is optimized with the Yoast SEO plugin v26.9 - https:\/\/yoast.com\/product\/yoast-seo-wordpress\/ -->\n<title>Scadatech | Qui\u00e9nes Somos<\/title>\n<meta name=\"description\" content=\"En Scadatech brindamos soluciones integrales, ideas y mejoras e innovaciones tecnol\u00f3gicas, contribuyendo al cumplimiento de los est\u00e1ndares.\" \/>\n<meta name=\"robots\" content=\"index, follow, max-snippet:-1, max-image-preview:large, max-video-preview:-1\" \/>\n<link rel=\"canonical\" href=\"https:\/\/scadatech.cl\/home\/quienes-somos\/\" \/>\n<meta property=\"og:locale\" content=\"es_ES\" \/>\n<meta property=\"og:type\" content=\"article\" \/>\n<meta property=\"og:title\" content=\"Scadatech | Qui\u00e9nes Somos\" \/>\n<meta property=\"og:description\" content=\"En Scadatech brindamos soluciones integrales, ideas y mejoras e innovaciones tecnol\u00f3gicas, contribuyendo al cumplimiento de los est\u00e1ndares.\" \/>\n<meta property=\"og:url\" content=\"https:\/\/scadatech.cl\/home\/quienes-somos\/\" \/>\n<meta property=\"og:site_name\" content=\"Scadatech\" \/>\n<meta property=\"article:modified_time\" content=\"2024-09-23T01:27:43+00:00\" \/>\n<meta property=\"og:image\" content=\"https:\/\/scadatech.cl\/home\/wp-content\/uploads\/2024\/07\/scadatech.png\" \/>\n\t<meta property=\"og:image:width\" content=\"1200\" \/>\n\t<meta property=\"og:image:height\" content=\"800\" \/>\n\t<meta property=\"og:image:type\" content=\"image\/png\" \/>\n<meta name=\"twitter:card\" content=\"summary_large_image\" \/>\n<meta name=\"twitter:label1\" content=\"Tiempo estimado de lectura\" \/>\n\t<meta name=\"twitter:data1\" content=\"2 minutos\" \/>\n<script type=\"application\/ld+json\" class=\"yoast-schema-graph\">{\"@context\":\"https:\/\/schema.org\",\"@graph\":[{\"@type\":\"WebPage\",\"@id\":\"https:\/\/scadatech.cl\/home\/quienes-somos\/\",\"url\":\"https:\/\/scadatech.cl\/home\/quienes-somos\/\",\"name\":\"Scadatech | Qui\u00e9nes Somos\",\"isPartOf\":{\"@id\":\"https:\/\/scadatech.cl\/home\/#website\"},\"primaryImageOfPage\":{\"@id\":\"https:\/\/scadatech.cl\/home\/quienes-somos\/#primaryimage\"},\"image\":{\"@id\":\"https:\/\/scadatech.cl\/home\/quienes-somos\/#primaryimage\"},\"thumbnailUrl\":\"https:\/\/scadatech.cl\/home\/wp-content\/uploads\/2024\/07\/scadatech.png\",\"datePublished\":\"2018-07-08T03:16:09+00:00\",\"dateModified\":\"2024-09-23T01:27:43+00:00\",\"description\":\"En Scadatech brindamos soluciones integrales, ideas y mejoras e innovaciones tecnol\u00f3gicas, contribuyendo al cumplimiento de los est\u00e1ndares.\",\"breadcrumb\":{\"@id\":\"https:\/\/scadatech.cl\/home\/quienes-somos\/#breadcrumb\"},\"inLanguage\":\"es-CL\",\"potentialAction\":[{\"@type\":\"ReadAction\",\"target\":[\"https:\/\/scadatech.cl\/home\/quienes-somos\/\"]}]},{\"@type\":\"ImageObject\",\"inLanguage\":\"es-CL\",\"@id\":\"https:\/\/scadatech.cl\/home\/quienes-somos\/#primaryimage\",\"url\":\"https:\/\/scadatech.cl\/home\/wp-content\/uploads\/2024\/07\/scadatech.png\",\"contentUrl\":\"https:\/\/scadatech.cl\/home\/wp-content\/uploads\/2024\/07\/scadatech.png\",\"width\":1200,\"height\":800,\"caption\":\"Scadatech\"},{\"@type\":\"BreadcrumbList\",\"@id\":\"https:\/\/scadatech.cl\/home\/quienes-somos\/#breadcrumb\",\"itemListElement\":[{\"@type\":\"ListItem\",\"position\":1,\"name\":\"Portada\",\"item\":\"https:\/\/scadatech.cl\/home\/\"},{\"@type\":\"ListItem\",\"position\":2,\"name\":\"Qui\u00e9nes Somos\"}]},{\"@type\":\"WebSite\",\"@id\":\"https:\/\/scadatech.cl\/home\/#website\",\"url\":\"https:\/\/scadatech.cl\/home\/\",\"name\":\"Scadatech\",\"description\":\"\",\"publisher\":{\"@id\":\"https:\/\/scadatech.cl\/home\/#organization\"},\"potentialAction\":[{\"@type\":\"SearchAction\",\"target\":{\"@type\":\"EntryPoint\",\"urlTemplate\":\"https:\/\/scadatech.cl\/home\/?s={search_term_string}\"},\"query-input\":{\"@type\":\"PropertyValueSpecification\",\"valueRequired\":true,\"valueName\":\"search_term_string\"}}],\"inLanguage\":\"es-CL\"},{\"@type\":\"Organization\",\"@id\":\"https:\/\/scadatech.cl\/home\/#organization\",\"name\":\"Scadatech\",\"url\":\"https:\/\/scadatech.cl\/home\/\",\"logo\":{\"@type\":\"ImageObject\",\"inLanguage\":\"es-CL\",\"@id\":\"https:\/\/scadatech.cl\/home\/#\/schema\/logo\/image\/\",\"url\":\"https:\/\/scadatech.cl\/home\/wp-content\/uploads\/2024\/07\/faivon.png\",\"contentUrl\":\"https:\/\/scadatech.cl\/home\/wp-content\/uploads\/2024\/07\/faivon.png\",\"width\":512,\"height\":512,\"caption\":\"Scadatech\"},\"image\":{\"@id\":\"https:\/\/scadatech.cl\/home\/#\/schema\/logo\/image\/\"}}]}<\/script>\n<!-- \/ Yoast SEO plugin. -->","yoast_head_json":{"title":"Scadatech | Qui\u00e9nes Somos","description":"En Scadatech brindamos soluciones integrales, ideas y mejoras e innovaciones tecnol\u00f3gicas, contribuyendo al cumplimiento de los est\u00e1ndares.","robots":{"index":"index","follow":"follow","max-snippet":"max-snippet:-1","max-image-preview":"max-image-preview:large","max-video-preview":"max-video-preview:-1"},"canonical":"https:\/\/scadatech.cl\/home\/quienes-somos\/","og_locale":"es_ES","og_type":"article","og_title":"Scadatech | Qui\u00e9nes Somos","og_description":"En Scadatech brindamos soluciones integrales, ideas y mejoras e innovaciones tecnol\u00f3gicas, contribuyendo al cumplimiento de los est\u00e1ndares.","og_url":"https:\/\/scadatech.cl\/home\/quienes-somos\/","og_site_name":"Scadatech","article_modified_time":"2024-09-23T01:27:43+00:00","og_image":[{"width":1200,"height":800,"url":"https:\/\/scadatech.cl\/home\/wp-content\/uploads\/2024\/07\/scadatech.png","type":"image\/png"}],"twitter_card":"summary_large_image","twitter_misc":{"Tiempo estimado de lectura":"2 minutos"},"schema":{"@context":"https:\/\/schema.org","@graph":[{"@type":"WebPage","@id":"https:\/\/scadatech.cl\/home\/quienes-somos\/","url":"https:\/\/scadatech.cl\/home\/quienes-somos\/","name":"Scadatech | Qui\u00e9nes Somos","isPartOf":{"@id":"https:\/\/scadatech.cl\/home\/#website"},"primaryImageOfPage":{"@id":"https:\/\/scadatech.cl\/home\/quienes-somos\/#primaryimage"},"image":{"@id":"https:\/\/scadatech.cl\/home\/quienes-somos\/#primaryimage"},"thumbnailUrl":"https:\/\/scadatech.cl\/home\/wp-content\/uploads\/2024\/07\/scadatech.png","datePublished":"2018-07-08T03:16:09+00:00","dateModified":"2024-09-23T01:27:43+00:00","description":"En Scadatech brindamos soluciones integrales, ideas y mejoras e innovaciones tecnol\u00f3gicas, contribuyendo al cumplimiento de los est\u00e1ndares.","breadcrumb":{"@id":"https:\/\/scadatech.cl\/home\/quienes-somos\/#breadcrumb"},"inLanguage":"es-CL","potentialAction":[{"@type":"ReadAction","target":["https:\/\/scadatech.cl\/home\/quienes-somos\/"]}]},{"@type":"ImageObject","inLanguage":"es-CL","@id":"https:\/\/scadatech.cl\/home\/quienes-somos\/#primaryimage","url":"https:\/\/scadatech.cl\/home\/wp-content\/uploads\/2024\/07\/scadatech.png","contentUrl":"https:\/\/scadatech.cl\/home\/wp-content\/uploads\/2024\/07\/scadatech.png","width":1200,"height":800,"caption":"Scadatech"},{"@type":"BreadcrumbList","@id":"https:\/\/scadatech.cl\/home\/quienes-somos\/#breadcrumb","itemListElement":[{"@type":"ListItem","position":1,"name":"Portada","item":"https:\/\/scadatech.cl\/home\/"},{"@type":"ListItem","position":2,"name":"Qui\u00e9nes Somos"}]},{"@type":"WebSite","@id":"https:\/\/scadatech.cl\/home\/#website","url":"https:\/\/scadatech.cl\/home\/","name":"Scadatech","description":"","publisher":{"@id":"https:\/\/scadatech.cl\/home\/#organization"},"potentialAction":[{"@type":"SearchAction","target":{"@type":"EntryPoint","urlTemplate":"https:\/\/scadatech.cl\/home\/?s={search_term_string}"},"query-input":{"@type":"PropertyValueSpecification","valueRequired":true,"valueName":"search_term_string"}}],"inLanguage":"es-CL"},{"@type":"Organization","@id":"https:\/\/scadatech.cl\/home\/#organization","name":"Scadatech","url":"https:\/\/scadatech.cl\/home\/","logo":{"@type":"ImageObject","inLanguage":"es-CL","@id":"https:\/\/scadatech.cl\/home\/#\/schema\/logo\/image\/","url":"https:\/\/scadatech.cl\/home\/wp-content\/uploads\/2024\/07\/faivon.png","contentUrl":"https:\/\/scadatech.cl\/home\/wp-content\/uploads\/2024\/07\/faivon.png","width":512,"height":512,"caption":"Scadatech"},"image":{"@id":"https:\/\/scadatech.cl\/home\/#\/schema\/logo\/image\/"}}]}},"_links":{"self":[{"href":"https:\/\/scadatech.cl\/home\/wp-json\/wp\/v2\/pages\/31","targetHints":{"allow":["GET"]}}],"collection":[{"href":"https:\/\/scadatech.cl\/home\/wp-json\/wp\/v2\/pages"}],"about":[{"href":"https:\/\/scadatech.cl\/home\/wp-json\/wp\/v2\/types\/page"}],"author":[{"embeddable":true,"href":"https:\/\/scadatech.cl\/home\/wp-json\/wp\/v2\/users\/1"}],"replies":[{"embeddable":true,"href":"https:\/\/scadatech.cl\/home\/wp-json\/wp\/v2\/comments?post=31"}],"version-history":[{"count":0,"href":"https:\/\/scadatech.cl\/home\/wp-json\/wp\/v2\/pages\/31\/revisions"}],"wp:featuredmedia":[{"embeddable":true,"href":"https:\/\/scadatech.cl\/home\/wp-json\/wp\/v2\/media\/2627"}],"wp:attachment":[{"href":"https:\/\/scadatech.cl\/home\/wp-json\/wp\/v2\/media?parent=31"}],"curies":[{"name":"wp","href":"https:\/\/api.w.org\/{rel}","templated":true}]}}